t r be 2/(-6)*(-1 - 5). Let l(h) = 5*h**r - 4*h + 3*h + 2*h + 5*h**2. Calculate l(-1).
9
Let l be (0 - -4)*(-10)/8. Let y = l + 0. Let r be (-19)/y + 5/25. Let m(g) = 2*g - 1. Give m(r).
7
Let b(l) = l**3 + 8*l**2 - 2*l - 11. Let i be 10/(-15) - 4/3. Let f be (-4)/i*-4*1. Let h be b(f). Let g(n) = n**2 - 6*n + 6. Give g(h).
1
Suppose 0 = 2*b - 3*x - x + 22, -5*b - x = 0. Let q(m) = 7*m**2 + 6*m - 1. Let i(c) = -c**2 - c. Let d(a) = b*q(a) - 6*i(a). Calculate d(-1).
0
Let h(u) be the third derivative of u**5/60 - u**4/3 + 7*u**3/6 + 3*u**2. Give h(7).
0
Let h be (14/7)/((-2)/(-5)). Let y(c) be the first derivative of -c**4/4 + 4*c**3/3 + 5*c**2/2 - 6*c + 3. Give y(h).
-6
Let h(j) = j**2 - 4*j - 1. Let d(n) = n**2 - 12*n + 16. Let y be d(11). Calculate h(y).
4
Let l(m) = 4*m - 2. Let a = -32 - -34. What is l(a)?
6
Let g(z) = z**3 - z**2 - z + 2. Let i(u) = -u**2 + u + 4. Let r be i(2). Calculate g(r).
4
Let q(d) be the third derivative of -d**2 + 0 + 0*d + 1/6*d**3 - 1/12*d**4. Let f(w) = -w**3 + 4*w**2 + 5*w - 4. Let c be f(5). What is q(c)?
9
Let o(f) = f**2 + 5*f + 6. Let d(t) = 0 - 33*t**3 + 32*t**3 - 4 + 8*t**2. Let j be d(8). Calculate o(j).
2
Let d be -3 + (2 - 1) - -7. Let w(i) = -7*i**3 + 17*i**2 - 3*i - 5. Let p(f) = 3*f**3 - 8*f**2 + f + 2. Let s(m) = d*p(m) + 2*w(m). What is s(6)?
-6
Let k(w) = 3*w**3 - 4*w**2 + 9*w + 9. Let i(m) = m**3 + m + 1. Let f(v) = 4*i(v) - k(v). Let d = -1 - 0. Let z be (-5)/d*(-2)/2. Determine f(z).
-5
Let o = -4 - -7. Let t(x) = -5*x + o - 1 - x + 5*x. Determine t(-4).
6
Let c(b) = b**2 - b. Let q be c(1). Let m(y) = y - 6. Calculate m(q).
-6
Suppose 4*p - 5*o = -40, -32 + 2 = 2*p - 5*o. Let g(c) be the third derivative of 1/60*c**5 - c**2 + 1/6*c**3 + 5/24*c**4 + 0*c + 0. Give g(p).
1
Let r(n) be the third derivative of n**4/12 + 28*n**2 - 2. Suppose 3*j + 2*j = 20. Suppose -j*b + 6 = -2*b. Calculate r(b).
6
Let t(v) be the third derivative of -v**8/6720 + v**7/420 - v**6/144 - v**5/24 + v**4/24 - v**2. Let g(k) be the second derivative of t(k). What is g(5)?
-5
Let c(q) = 12*q. Let r(s) = s. Let p(m) = -2*c(m) + 22*r(m). Calculate p(4).
-8
Let u(j) = j + 12. Let z be u(-11). Let x(c) = -9*c**3 + 4*c**2 - 2*c + 5. Let a(s) = -10*s**3 + 5*s**2 - 2*s + 6. Let p(k) = 4*a(k) - 5*x(k). Give p(z).
6
Let t(n) = -9*n**2 - 13*n + 3. Let l(d) = -5*d**2 - 7*d + 2. Let k(w) = w**3 - 6*w**2 + 8*w - 4. Let v be k(5). Let m(j) = v*l(j) - 6*t(j). Give m(0).
4
Suppose -2*h - h + 16 = -2*d, 4*d = -4*h - 12. Let y(m) = h*m - 1 + 3 - 5*m. Determine y(3).
-7
Let h(x) be the first derivative of x**3/3 + x**2/2 + x - 7. What is h(0)?
1
Suppose 2*l - 5*x = 9, -5*l + 5*x + 0*x = 0. Let p = l - -6. Let o(b) = 4*b + b + b + 4 - 10*b. Give o(p).
-8
Let m(l) = 7*l**2 + l**2 - 4*l + 5*l. Let w be (-4 - -4) + -2 + 1. Determine m(w).
7
Suppose -1 - 8 = 9*o. Let m(i) be the third derivative of -i**6/15 - i**5/60 - 2*i**2. Give m(o).
7
Let g(q) be the first derivative of -q**3/3 - q**2/2 - 4*q + 13. Suppose -5*r + 3*c - 2 = 6*c, -4*r + 2*c = 6. Let y be 1/(-2)*(1 + r). Give g(y).
-4
Let w(s) = -2*s + 1. Let v(f) = 1. Let y(i) = -4*v(i) - w(i). Let r = 16 + -10. Calculate y(r).
7
Let g(c) = c**3 - 5*c**2 - 8*c + 6. Let n(r) = r**2 - 5*r. Let j be n(6). Give g(j).
-6
Let v(l) be the third derivative of l**7/2520 - l**6/720 - l**4/24 - 2*l**2. Let f(z) be the second derivative of v(z). Give f(3).
6
Suppose -h - 16 = 4*d, -3*h - 3*d + 6*d + 12 = 0. Suppose o + 2*k + 0 + 5 = h, k = -2*o - 1. Let x(c) = -6*c**2 + o + c**2 + 3*c**2 - 2*c + 0*c. Give x(1).
-3
Let f(v) = v - 6. Let l(n) = -1. Let h(g) = f(g) - 6*l(g). What is h(-6)?
-6
Let z(j) = 7*j**2 - j + j + j - 2 - j**3 - 1. Calculate z(7).
4
Let f(p) = -p**3 + 5*p**2 + 6. Suppose -3*t = -4*t + 5. Determine f(t).
6
Suppose 2*z + 2 - 4 = -5*k, 4*k + 2*z = 2. Let n(o) be the third derivative of 1/24*o**4 + k*o - 7/6*o**3 + 0 - o**2. Determine n(6).
-1
Let a be 3 + -13 - 6/(-3). Let g(n) = n**3 + 7*n**2 - 7*n + 9. Determine g(a).
1
Let p(v) be the third derivative of 5*v**4/24 + v**3/6 + 4*v**2 + 19. Suppose 0 = -2*h + 8, -2*z = -5*z + h + 2. What is p(z)?
11
Let h(q) = -3*q**3 + 85*q**2 + 1 - 80*q**2 + 3*q + 4*q**3 + 0*q**3. Give h(-2).
7
Let p be -4*(-1 - 0) - 2. Let t = p - 1. Let j(c) = -3*c**3 + 1. What is j(t)?
-2
Let y(r) = -r**3 - r**2 - r + 14. Let w be (-27)/(-36) + 3/(-4). What is y(w)?
14
Let v = -17 - -17. Let d(w) = w**2 - 5*w**2 - 6 + 5*w**2 + w + w**3. Determine d(v).
-6
Let q(r) = -r**2 + 10*r - 19. Let b be q(7). Let v(d) = -3*d**2 + 0*d**2 - 2*d + 2*d**3 + 4*d. Calculate v(b).
8
Suppose -72*i + 62*i = 0. Let b(o) = -3*o + 10. Let h(q) = -2*q + 9. Let u(j) = -3*b(j) + 4*h(j). Determine u(i).
6
Let b(h) = 6*h**3 - 2 - 14*h**3 - h + 12*h**3 - 2*h**2. What is b(2)?
20
Let q(b) be the third derivative of -1/2*b**3 - 3*b**2 - 1/4*b**4 + 0*b - 1/60*b**5 + 0. Give q(-6).
-3
Let p(o) = 2*o + 8. Let a = 11 - -8. Suppose m + 3*i = -a, 2*i = 2*m + 4 + 2. Calculate p(m).
-6
Let z(w) = -w**3 - 6*w**2 - 5*w + 6. Let c(i) = -2*i - 1. Let o be c(-6). Suppose 5*s + o = -14. What is z(s)?
6
Let x(i) = i**2 - i + 4. Let d(y) = y - 5. Let t be d(6). Let o be (0/t)/((-6)/6). Give x(o).
4
Let q(p) be the second derivative of 13*p**3/6 - p**2/2 + p. Suppose 6 = 2*f + r, -3*r - 3 = 5*f - 20. Calculate q(f).
12
Let a(y) be the third derivative of y**5/60 - y**4/4 - y**3/2 + 5*y**2. Determine a(6).
-3
Let x(u) be the first derivative of -u**4/4 - u**3/3 + u**2 - u + 1. Let f(i) = i**2 + 14*i. Let o be f(-14). Suppose 0 = p - o + 2. Calculate x(p).
-1
Let r(x) = -x**3 - 6*x**2 + 5*x - 4. Let n(c) = -3*c**3 - 17*c**2 + 14*c - 11. Let f(p) = 4*n(p) - 11*r(p). Give f(-3).
6
Suppose -6*a - 2 = -a - j, -a - 2*j - 7 = 0. Let w(u) = 13*u + 1. Determine w(a).
-12
Let a = 5 - 3. Let n(i) = -3*i + 30. Let w be n(9). Let t(j) = -2*j**a + 2*j**2 - j**w + 5. Give t(0).
5
Let s(f) = 4*f + 1. Let v be 8/20 - (-34)/(-10). Let t be s(v). Let y = 7 + t. Let g(x) = -x**3 - 3*x**2 + 4*x + 6. What is g(y)?
6
Let s(q) = -11*q**3 + 1. Suppose -4*w = 3*m - 4, -2*w + w = -2*m - 1. What is s(w)?
-10
Let f be 4/2*(-5)/(-2). Suppose r = -3*r + 16. Let i(h) = -r + 3 + f*h - 4*h. What is i(0)?
-1
Let d(z) = 2*z - 14 - 7 - 6*z + 3*z. What is d(0)?
-21
Let j(o) = -o**3 + 4*o**2 - 4*o + 2. Suppose -1 = 4*c + 4*d + 3, -3*d = 2*c + 5. Suppose 0 = -q + c*t - 7, -2*q + 16 - 5 = t. Give j(q).
-1
Let k(q) = -q**3 + q**2 + q. Let i(h) = -4*h**3 - 4*h**2 - 2*h + 8. Let n(z) = -i(z) + 3*k(z). Let d(a) = -a**2 + 7*a + 2. Let y be d(8). Determine n(y).
-2
Let t(f) = -f**3 + 4*f**2 - 2*f. Suppose -v - 2*v = -2*l - 7, -4*l = 2*v - 26. Suppose -2*z = -z - l. Calculate t(z).
-8
Let m(r) = -r**2 + 3*r + 2. Let l(n) = -2*n + 3. Let b be l(-4). Let w be 2*(-1)/(-2) - -4. Suppose 2*u - b = -5*y + 7, 4*u - 6 = w*y. Calculate m(u).
-2
Suppose -5*o = -0*o - 110. Suppose -2*k + o = -3*w, 4*k + k + 2*w = 17. Let d(y) = -y**2 + 4*y - 1. What is d(k)?
-6
Let y(u) = -3*u**3 + 4*u**2 + 2*u. Let b(r) = 2 - 1 - r - 15*r**3 + 14*r**3. Let x(m) = -2*b(m) + y(m). Calculate x(5).
-7
Let v be ((-11)/33 - (-32)/(-30))*-5. Let p(j) = j**3 - 7*j**2 + 4*j - 10. Calculate p(v).
18
Let m(u) = u**3 + 2*u**2 + u + 2. Suppose 2*l - 2*p = -5*p + 5, 4*p = 4*l + 20. Let o = -1 + l. Determine m(o).
-10
Let y(r) = -2*r**2 + 3*r - 2. Let l(i) = -i**2 + i. Let u(g) = 6*l(g) - 2*y(g). Determine u(-3).
-14
Suppose -4*o = l + 3*l - 12, -2*o + 5*l = 8. Let h(f) be the third derivative of 0 + 0*f**4 + 0*f**5 + 1/30*f**6 - 3*f**2 + 0*f - 1/6*f**3. Give h(o).
3
Let l(h) = h**3 + 6*h**2 + 8*h + 6. Let p(q) = -q - 5. Let k be p(-8). Let x(j) = -j**2 + 4. Let b be x(k). Determine l(b).
-9
Let t = 38 + -39. Let f(h) = -2*h. Give f(t).
2
Let a(n) = -n**3 + 4*n**2 + 2*n - 2. Let u(s) = 3*s**2 - 1. Let m(x) = -2*x**2 + x. Let r(i) = -4*m(i) - 3*u(i). Let w be r(-4). Give a(w).
13
Let v(r) = -r. Suppose -2*p - 30 = 5*f + 3*p, -2*f = -3*p + 2. Let q = -4 + 7. Let i = f + q. Calculate v(i).
1
Let d(s) = 6*s**2 - 5 + 3*s + 2 - 4*s**2. Let h = -3 - -5. What is d(h)?
11
Let c be 70/12 + (-3)/(-18). Let q(l) be the second derivative of l**3/6 - 2*l**2 - 13*l. What is q(c)?
2
Let a(c) = -3*c - 2. Let t(q) = 4*q + 3. Let k(i) = 7*a(i) + 5*t(i). Let g be (2 + 0)/(2 + 0). Let h(v) = -8*v + 5. Let u(y) = g